{"id":823,"date":"2026-01-26T11:56:47","date_gmt":"2026-01-26T11:56:47","guid":{"rendered":"https:\/\/mystifying-curie.82-223-99-103.plesk.page\/?page_id=823"},"modified":"2026-01-26T12:17:20","modified_gmt":"2026-01-26T12:17:20","slug":"nuestros-medios","status":"publish","type":"page","link":"https:\/\/mystifying-curie.82-223-99-103.plesk.page\/index.php\/nuestros-medios\/","title":{"rendered":"Nuestros medios"},"content":{"rendered":"\t\t<div data-elementor-type=\"wp-page\" data-elementor-id=\"823\" class=\"elementor elementor-823\" data-elementor-post-type=\"page\">\n\t\t\t\t<div class=\"elementor-element elementor-element-4cc1d3e e-con-full e-flex e-con e-parent\" data-id=\"4cc1d3e\" data-element_type=\"container\" data-settings=\"{&quot;background_background&quot;:&quot;classic&quot;}\">\n\t\t\t\t<div class=\"elementor-element elementor-element-4699257 elementor-widget elementor-widget-heading\" data-id=\"4699257\" data-element_type=\"widget\" data-widget_type=\"heading.default\">\n\t\t\t\t<div class=\"elementor-widget-container\">\n\t\t\t\t\t<h2 class=\"elementor-heading-title elementor-size-default\">Nuestros medios<\/h2>\t\t\t\t<\/div>\n\t\t\t\t<\/div>\n\t\t\t\t<\/div>\n\t\t<div class=\"elementor-element elementor-element-4a3b59c5 e-con-full elementor-hidden-tablet elementor-hidden-mobile e-flex e-con e-parent\" data-id=\"4a3b59c5\" data-element_type=\"container\" data-settings=\"{&quot;background_background&quot;:&quot;classic&quot;}\">\n\t\t\t\t<div class=\"elementor-element elementor-element-5b5705ae elementor-widget__width-initial elementor-widget-tablet__width-inherit elementor-hidden-tablet elementor-hidden-mobile elementor-widget elementor-widget-image\" data-id=\"5b5705ae\" data-element_type=\"widget\" data-widget_type=\"image.default\">\n\t\t\t\t<div class=\"elementor-widget-container\">\n\t\t\t\t\t\t\t\t\t\t\t\t\t\t\t<img fetchpriority=\"high\" decoding=\"async\" width=\"433\" height=\"251\" src=\"https:\/\/mystifying-curie.82-223-99-103.plesk.page\/wp-content\/uploads\/2026\/01\/90EA65E4-0F57-40F7-9496-FE646A47E7A8_edited.avif\" class=\"attachment-large size-large wp-image-829\" alt=\"\" srcset=\"https:\/\/mystifying-curie.82-223-99-103.plesk.page\/wp-content\/uploads\/2026\/01\/90EA65E4-0F57-40F7-9496-FE646A47E7A8_edited.avif 433w, https:\/\/mystifying-curie.82-223-99-103.plesk.page\/wp-content\/uploads\/2026\/01\/90EA65E4-0F57-40F7-9496-FE646A47E7A8_edited-300x174.jpg 300w\" sizes=\"(max-width: 433px) 100vw, 433px\" \/>\t\t\t\t\t\t\t\t\t\t\t\t\t\t\t<\/div>\n\t\t\t\t<\/div>\n\t\t<div class=\"elementor-element elementor-element-17de0dcf e-con-full e-flex e-con e-child\" data-id=\"17de0dcf\" data-element_type=\"container\">\n\t\t\t\t<div class=\"elementor-element elementor-element-5c3a743 elementor-widget elementor-widget-heading\" data-id=\"5c3a743\" data-element_type=\"widget\" data-widget_type=\"heading.default\">\n\t\t\t\t<div class=\"elementor-widget-container\">\n\t\t\t\t\t<h2 class=\"elementor-heading-title elementor-size-default\">Aqu\u00ed Europa:<\/h2>\t\t\t\t<\/div>\n\t\t\t\t<\/div>\n\t\t\t\t<div class=\"elementor-element elementor-element-73e75aaa elementor-widget elementor-widget-text-editor\" data-id=\"73e75aaa\" data-element_type=\"widget\" data-widget_type=\"text-editor.default\">\n\t\t\t\t<div class=\"elementor-widget-container\">\n\t\t\t\t\t\t\t\t\t<p>Es el \u00fanico <strong>servicio de informaci\u00f3n independiente especializado en la Uni\u00f3n Europea<\/strong>, realizado \u00edntegramente en castellano desde Bruselas.<\/p><p>\u200bCon <strong>m\u00e1s de 30 a\u00f1os de experiencia<\/strong> a sus espaldas es un excelente medio para estar informado de todo lo que ocurre en la &#8216;capital comunitaria&#8217;.<\/p>\t\t\t\t\t\t\t\t<\/div>\n\t\t\t\t<\/div>\n\t\t\t\t<div class=\"elementor-element elementor-element-f6d04e6 elementor-align-left elementor-tablet-align-center elementor-widget elementor-widget-button\" data-id=\"f6d04e6\" data-element_type=\"widget\" data-widget_type=\"button.default\">\n\t\t\t\t<div class=\"elementor-widget-container\">\n\t\t\t\t\t\t\t\t\t<div class=\"elementor-button-wrapper\">\n\t\t\t\t\t<a class=\"elementor-button elementor-button-link elementor-size-sm elementor-animation-grow\" href=\"https:\/\/aquieuropa.com\/\">\n\t\t\t\t\t\t<span class=\"elementor-button-content-wrapper\">\n\t\t\t\t\t\t\t\t\t<span class=\"elementor-button-text\">Aqu\u00ed Europa<\/span>\n\t\t\t\t\t<\/span>\n\t\t\t\t\t<\/a>\n\t\t\t\t<\/div>\n\t\t\t\t\t\t\t\t<\/div>\n\t\t\t\t<\/div>\n\t\t\t\t<div class=\"elementor-element elementor-element-53461b4 elementor-widget-divider--view-line elementor-widget elementor-widget-divider\" data-id=\"53461b4\" data-element_type=\"widget\" data-widget_type=\"divider.default\">\n\t\t\t\t<div class=\"elementor-widget-container\">\n\t\t\t\t\t\t\t<div class=\"elementor-divider\">\n\t\t\t<span class=\"elementor-divider-separator\">\n\t\t\t\t\t\t<\/span>\n\t\t<\/div>\n\t\t\t\t\t\t<\/div>\n\t\t\t\t<\/div>\n\t\t\t\t<\/div>\n\t\t\t\t<\/div>\n\t\t<div class=\"elementor-element elementor-element-af2b286 e-flex e-con-boxed e-con e-parent\" data-id=\"af2b286\" data-element_type=\"container\" data-settings=\"{&quot;background_background&quot;:&quot;classic&quot;}\">\n\t\t\t\t\t<div class=\"e-con-inner\">\n\t\t<div class=\"elementor-element elementor-element-f62b5ea e-con-full e-flex e-con e-child\" data-id=\"f62b5ea\" data-element_type=\"container\">\n\t\t\t\t<div class=\"elementor-element elementor-element-8c2fbba elementor-widget__width-inherit elementor-widget elementor-widget-heading\" data-id=\"8c2fbba\" data-element_type=\"widget\" data-widget_type=\"heading.default\">\n\t\t\t\t<div class=\"elementor-widget-container\">\n\t\t\t\t\t<h2 class=\"elementor-heading-title elementor-size-default\">\u00bfQu\u00e9 ofrece aqu\u00ed Europa?\n<\/h2>\t\t\t\t<\/div>\n\t\t\t\t<\/div>\n\t\t\t\t<div class=\"elementor-element elementor-element-8fe65be elementor-widget-divider--view-line elementor-widget elementor-widget-divider\" data-id=\"8fe65be\" data-element_type=\"widget\" data-widget_type=\"divider.default\">\n\t\t\t\t<div class=\"elementor-widget-container\">\n\t\t\t\t\t\t\t<div class=\"elementor-divider\">\n\t\t\t<span class=\"elementor-divider-separator\">\n\t\t\t\t\t\t<\/span>\n\t\t<\/div>\n\t\t\t\t\t\t<\/div>\n\t\t\t\t<\/div>\n\t\t\t\t<\/div>\n\t\t\t\t\t<\/div>\n\t\t\t\t<\/div>\n\t\t<div class=\"elementor-element elementor-element-7fe55ca e-con-full elementor-hidden-tablet elementor-hidden-mobile e-flex e-con e-parent\" data-id=\"7fe55ca\" data-element_type=\"container\" data-settings=\"{&quot;background_background&quot;:&quot;classic&quot;}\">\n\t\t\t\t<div class=\"elementor-element elementor-element-ebaef06 elementor-widget__width-initial elementor-widget-tablet__width-inherit elementor-hidden-tablet elementor-hidden-mobile elementor-widget elementor-widget-image\" data-id=\"ebaef06\" data-element_type=\"widget\" data-widget_type=\"image.default\">\n\t\t\t\t<div class=\"elementor-widget-container\">\n\t\t\t\t\t\t\t\t\t\t\t\t\t\t\t<img decoding=\"async\" width=\"203\" height=\"203\" src=\"https:\/\/mystifying-curie.82-223-99-103.plesk.page\/wp-content\/uploads\/2026\/01\/Sin-titulo-Post-para-Instagram-cuadrado-1.avif\" class=\"attachment-large size-large wp-image-837\" alt=\"\" srcset=\"https:\/\/mystifying-curie.82-223-99-103.plesk.page\/wp-content\/uploads\/2026\/01\/Sin-titulo-Post-para-Instagram-cuadrado-1.avif 203w, https:\/\/mystifying-curie.82-223-99-103.plesk.page\/wp-content\/uploads\/2026\/01\/Sin-titulo-Post-para-Instagram-cuadrado-1-150x150.jpg 150w\" sizes=\"(max-width: 203px) 100vw, 203px\" \/>\t\t\t\t\t\t\t\t\t\t\t\t\t\t\t<\/div>\n\t\t\t\t<\/div>\n\t\t<div class=\"elementor-element elementor-element-d530de8 e-con-full e-flex e-con e-child\" data-id=\"d530de8\" data-element_type=\"container\">\n\t\t\t\t<div class=\"elementor-element elementor-element-5af88f1 elementor-widget elementor-widget-text-editor\" data-id=\"5af88f1\" data-element_type=\"widget\" data-widget_type=\"text-editor.default\">\n\t\t\t\t<div class=\"elementor-widget-container\">\n\t\t\t\t\t\t\t\t\t<p>Aqu\u00ed Europa profundiza en las informaciones sobre temas europeos contando con un equipo de profesionales (periodistas, analistas y expertos en comunicaci\u00f3n) que trabaja d\u00eda a d\u00eda sobre la informaci\u00f3n comunitaria desde Bruselas.<\/p>\t\t\t\t\t\t\t\t<\/div>\n\t\t\t\t<\/div>\n\t\t\t\t<div class=\"elementor-element elementor-element-26593fb elementor-widget-divider--view-line elementor-widget elementor-widget-divider\" data-id=\"26593fb\" data-element_type=\"widget\" data-widget_type=\"divider.default\">\n\t\t\t\t<div class=\"elementor-widget-container\">\n\t\t\t\t\t\t\t<div class=\"elementor-divider\">\n\t\t\t<span class=\"elementor-divider-separator\">\n\t\t\t\t\t\t<\/span>\n\t\t<\/div>\n\t\t\t\t\t\t<\/div>\n\t\t\t\t<\/div>\n\t\t\t\t<\/div>\n\t\t\t\t<\/div>\n\t\t<div class=\"elementor-element elementor-element-26249aa e-flex e-con-boxed e-con e-parent\" data-id=\"26249aa\" data-element_type=\"container\" data-settings=\"{&quot;background_background&quot;:&quot;classic&quot;}\">\n\t\t\t\t\t<div class=\"e-con-inner\">\n\t\t<div class=\"elementor-element elementor-element-dc9d433 e-con-full e-flex e-con e-child\" data-id=\"dc9d433\" data-element_type=\"container\">\n\t\t\t\t<div class=\"elementor-element elementor-element-d30cee5 elementor-widget__width-inherit elementor-widget elementor-widget-heading\" data-id=\"d30cee5\" data-element_type=\"widget\" data-widget_type=\"heading.default\">\n\t\t\t\t<div class=\"elementor-widget-container\">\n\t\t\t\t\t<h2 class=\"elementor-heading-title elementor-size-default\">\u00bfA qui\u00e9n va dirigido?\n<\/h2>\t\t\t\t<\/div>\n\t\t\t\t<\/div>\n\t\t\t\t<div class=\"elementor-element elementor-element-a8ac2b4 elementor-widget-divider--view-line elementor-widget elementor-widget-divider\" data-id=\"a8ac2b4\" data-element_type=\"widget\" data-widget_type=\"divider.default\">\n\t\t\t\t<div class=\"elementor-widget-container\">\n\t\t\t\t\t\t\t<div class=\"elementor-divider\">\n\t\t\t<span class=\"elementor-divider-separator\">\n\t\t\t\t\t\t<\/span>\n\t\t<\/div>\n\t\t\t\t\t\t<\/div>\n\t\t\t\t<\/div>\n\t\t\t\t<\/div>\n\t\t\t\t\t<\/div>\n\t\t\t\t<\/div>\n\t\t<div class=\"elementor-element elementor-element-76e0177 e-con-full elementor-hidden-tablet elementor-hidden-mobile e-flex e-con e-parent\" data-id=\"76e0177\" data-element_type=\"container\" data-settings=\"{&quot;background_background&quot;:&quot;classic&quot;}\">\n\t\t\t\t<div class=\"elementor-element elementor-element-bcf193d elementor-widget__width-initial elementor-widget-tablet__width-inherit elementor-hidden-tablet elementor-hidden-mobile elementor-widget elementor-widget-image\" data-id=\"bcf193d\" data-element_type=\"widget\" data-widget_type=\"image.default\">\n\t\t\t\t<div class=\"elementor-widget-container\">\n\t\t\t\t\t\t\t\t\t\t\t\t\t\t\t<img decoding=\"async\" width=\"213\" height=\"213\" src=\"https:\/\/mystifying-curie.82-223-99-103.plesk.page\/wp-content\/uploads\/2026\/01\/Sin-titulo-Post-para-Instagram-cuadrado-2.avif\" class=\"attachment-large size-large wp-image-850\" alt=\"\" srcset=\"https:\/\/mystifying-curie.82-223-99-103.plesk.page\/wp-content\/uploads\/2026\/01\/Sin-titulo-Post-para-Instagram-cuadrado-2.avif 213w, https:\/\/mystifying-curie.82-223-99-103.plesk.page\/wp-content\/uploads\/2026\/01\/Sin-titulo-Post-para-Instagram-cuadrado-2-150x150.jpg 150w\" sizes=\"(max-width: 213px) 100vw, 213px\" \/>\t\t\t\t\t\t\t\t\t\t\t\t\t\t\t<\/div>\n\t\t\t\t<\/div>\n\t\t<div class=\"elementor-element elementor-element-383363e e-con-full e-flex e-con e-child\" data-id=\"383363e\" data-element_type=\"container\">\n\t\t\t\t<div class=\"elementor-element elementor-element-01bd19f elementor-widget elementor-widget-text-editor\" data-id=\"01bd19f\" data-element_type=\"widget\" data-widget_type=\"text-editor.default\">\n\t\t\t\t<div class=\"elementor-widget-container\">\n\t\t\t\t\t\t\t\t\t<p>Se dirige a todas aquellas personas y grupos que necesitan estar al d\u00eda de todas las novedades en Europa, desde instituciones como el Parlamento Europeo a grandes empresas, PYMES o personas individuales.<\/p><p>\u200bEl diario presta adem\u00e1s especial atenci\u00f3n a las CCAA y a Am\u00e9rica Latina, e informa sobre las pol\u00edticas europeas que m\u00e1s afectan a la pol\u00edtica regional y al ciudadano<\/p>\t\t\t\t\t\t\t\t<\/div>\n\t\t\t\t<\/div>\n\t\t\t\t<div class=\"elementor-element elementor-element-68538a9 elementor-widget-divider--view-line elementor-widget elementor-widget-divider\" data-id=\"68538a9\" data-element_type=\"widget\" data-widget_type=\"divider.default\">\n\t\t\t\t<div class=\"elementor-widget-container\">\n\t\t\t\t\t\t\t<div class=\"elementor-divider\">\n\t\t\t<span class=\"elementor-divider-separator\">\n\t\t\t\t\t\t<\/span>\n\t\t<\/div>\n\t\t\t\t\t\t<\/div>\n\t\t\t\t<\/div>\n\t\t\t\t<\/div>\n\t\t\t\t<\/div>\n\t\t<div class=\"elementor-element elementor-element-821cc26 e-flex e-con-boxed e-con e-parent\" data-id=\"821cc26\" data-element_type=\"container\" data-settings=\"{&quot;background_background&quot;:&quot;classic&quot;}\">\n\t\t\t\t\t<div class=\"e-con-inner\">\n\t\t<div class=\"elementor-element elementor-element-75a24c9 e-con-full e-flex e-con e-child\" data-id=\"75a24c9\" data-element_type=\"container\">\n\t\t\t\t<div class=\"elementor-element elementor-element-e436242 elementor-widget__width-inherit elementor-widget elementor-widget-heading\" data-id=\"e436242\" data-element_type=\"widget\" data-widget_type=\"heading.default\">\n\t\t\t\t<div class=\"elementor-widget-container\">\n\t\t\t\t\t<h2 class=\"elementor-heading-title elementor-size-default\">\u00bfCu\u00e1l es el perfil de nuestros suscriptores?\n<\/h2>\t\t\t\t<\/div>\n\t\t\t\t<\/div>\n\t\t\t\t<div class=\"elementor-element elementor-element-0d66333 elementor-widget-divider--view-line elementor-widget elementor-widget-divider\" data-id=\"0d66333\" data-element_type=\"widget\" data-widget_type=\"divider.default\">\n\t\t\t\t<div class=\"elementor-widget-container\">\n\t\t\t\t\t\t\t<div class=\"elementor-divider\">\n\t\t\t<span class=\"elementor-divider-separator\">\n\t\t\t\t\t\t<\/span>\n\t\t<\/div>\n\t\t\t\t\t\t<\/div>\n\t\t\t\t<\/div>\n\t\t\t\t<\/div>\n\t\t\t\t\t<\/div>\n\t\t\t\t<\/div>\n\t\t<div class=\"elementor-element elementor-element-3e3b8a3 e-con-full elementor-hidden-tablet elementor-hidden-mobile e-flex e-con e-parent\" data-id=\"3e3b8a3\" data-element_type=\"container\" data-settings=\"{&quot;background_background&quot;:&quot;classic&quot;}\">\n\t\t\t\t<div class=\"elementor-element elementor-element-9590d1d elementor-widget__width-initial elementor-widget-tablet__width-inherit elementor-hidden-tablet elementor-hidden-mobile elementor-widget elementor-widget-image\" data-id=\"9590d1d\" data-element_type=\"widget\" data-widget_type=\"image.default\">\n\t\t\t\t<div class=\"elementor-widget-container\">\n\t\t\t\t\t\t\t\t\t\t\t\t\t\t\t<img loading=\"lazy\" decoding=\"async\" width=\"213\" height=\"213\" src=\"https:\/\/mystifying-curie.82-223-99-103.plesk.page\/wp-content\/uploads\/2026\/01\/Sin-titulo-Post-para-Instagram-cuadrado-4.avif\" class=\"attachment-large size-large wp-image-860\" alt=\"\" srcset=\"https:\/\/mystifying-curie.82-223-99-103.plesk.page\/wp-content\/uploads\/2026\/01\/Sin-titulo-Post-para-Instagram-cuadrado-4.avif 213w, https:\/\/mystifying-curie.82-223-99-103.plesk.page\/wp-content\/uploads\/2026\/01\/Sin-titulo-Post-para-Instagram-cuadrado-4-150x150.jpg 150w\" sizes=\"(max-width: 213px) 100vw, 213px\" \/>\t\t\t\t\t\t\t\t\t\t\t\t\t\t\t<\/div>\n\t\t\t\t<\/div>\n\t\t<div class=\"elementor-element elementor-element-e8450a8 e-con-full e-flex e-con e-child\" data-id=\"e8450a8\" data-element_type=\"container\">\n\t\t\t\t<div class=\"elementor-element elementor-element-47c9507 elementor-widget elementor-widget-text-editor\" data-id=\"47c9507\" data-element_type=\"widget\" data-widget_type=\"text-editor.default\">\n\t\t\t\t<div class=\"elementor-widget-container\">\n\t\t\t\t\t\t\t\t\t<p>Es un diario digital de suscripci\u00f3n, y entre sus suscriptores destacan.<\/p><ul><li>Instituciones Comunitarias<\/li><li>\u200bAdministraci\u00f3n Espa\u00f1ola<\/li><li>Empresas de comunicaci\u00f3n<\/li><li>ONG\u2019s<\/li><li>Consultoras y despachos jur\u00eddicos<\/li><li>Empresas de distintos sectores<\/li><li>Organizaciones industriales<\/li><li>Entidades financieras<\/li><li>Diplom\u00e1ticos<\/li><li>Personas de pa\u00edses hispanohablantes<\/li><\/ul>\t\t\t\t\t\t\t\t<\/div>\n\t\t\t\t<\/div>\n\t\t\t\t<div class=\"elementor-element elementor-element-0f22df4 elementor-widget-divider--view-line elementor-widget elementor-widget-divider\" data-id=\"0f22df4\" data-element_type=\"widget\" data-widget_type=\"divider.default\">\n\t\t\t\t<div class=\"elementor-widget-container\">\n\t\t\t\t\t\t\t<div class=\"elementor-divider\">\n\t\t\t<span class=\"elementor-divider-separator\">\n\t\t\t\t\t\t<\/span>\n\t\t<\/div>\n\t\t\t\t\t\t<\/div>\n\t\t\t\t<\/div>\n\t\t\t\t<\/div>\n\t\t\t\t<\/div>\n\t\t\t\t<\/div>\n\t\t","protected":false},"excerpt":{"rendered":"<p>Nuestros medios Aqu\u00ed Europa: Es el \u00fanico servicio de informaci\u00f3n independiente especializado en la Uni\u00f3n Europea, realizado \u00edntegramente en castellano desde Bruselas. \u200bCon m\u00e1s de 30 a\u00f1os de experiencia a sus espaldas es un excelente medio para estar informado de todo lo que ocurre en la &#8216;capital comunitaria&#8217;. Aqu\u00ed Europa \u00bfQu\u00e9 ofrece aqu\u00ed Europa? Aqu\u00ed [&hellip;]<\/p>\n","protected":false},"author":1,"featured_media":0,"parent":0,"menu_order":0,"comment_status":"closed","ping_status":"closed","template":"","meta":{"footnotes":""},"class_list":["post-823","page","type-page","status-publish","hentry"],"_links":{"self":[{"href":"https:\/\/mystifying-curie.82-223-99-103.plesk.page\/index.php\/wp-json\/wp\/v2\/pages\/823","targetHints":{"allow":["GET"]}}],"collection":[{"href":"https:\/\/mystifying-curie.82-223-99-103.plesk.page\/index.php\/wp-json\/wp\/v2\/pages"}],"about":[{"href":"https:\/\/mystifying-curie.82-223-99-103.plesk.page\/index.php\/wp-json\/wp\/v2\/types\/page"}],"author":[{"embeddable":true,"href":"https:\/\/mystifying-curie.82-223-99-103.plesk.page\/index.php\/wp-json\/wp\/v2\/users\/1"}],"replies":[{"embeddable":true,"href":"https:\/\/mystifying-curie.82-223-99-103.plesk.page\/index.php\/wp-json\/wp\/v2\/comments?post=823"}],"version-history":[{"count":25,"href":"https:\/\/mystifying-curie.82-223-99-103.plesk.page\/index.php\/wp-json\/wp\/v2\/pages\/823\/revisions"}],"predecessor-version":[{"id":863,"href":"https:\/\/mystifying-curie.82-223-99-103.plesk.page\/index.php\/wp-json\/wp\/v2\/pages\/823\/revisions\/863"}],"wp:attachment":[{"href":"https:\/\/mystifying-curie.82-223-99-103.plesk.page\/index.php\/wp-json\/wp\/v2\/media?parent=823"}],"curies":[{"name":"wp","href":"https:\/\/api.w.org\/{rel}","templated":true}]}}